x. What is the units digit of (0 - x/(-2)) + -3?
2
Let c(g) = 2*g**2 - 3*g - 4. Let s be c(3). Suppose -7 = -3*n + s. What is the tens digit of ((-68)/16)/((-1)/n)?
1
Let x = -97 + 202. What is the hundreds digit of x?
1
Let y(t) = 12*t - 19. What is the tens digit of y(6)?
5
Let l(b) = 3*b - 5. Let p be l(4). Let r(y) = 6 + y**2 + p*y - 2*y**2 + 2*y**2. What is the units digit of r(-7)?
6
Let v = 41 - 27. Suppose 0 = 2*r - 5*t - v, -2*t + 0 - 11 = r. What is the units digit of 3/(1*r) + 3?
2
Let v = 2 + 22. Suppose -i = -v + 10. What is the units digit of i?
4
Let d(n) = 5*n**2 - 4*n - 6. What is the units digit of d(-6)?
8
Suppose 311 - 43 = 4*c. What is the units digit of c?
7
Let j(a) = a + 1. Let n be j(0). Let h = 15 + n. What is the units digit of h?
6
Suppose 2*v - 16 = -3*c, -5*v - c - 10 = -50. Suppose -v - 12 = -h. What is the tens digit of h?
2
Let q(u) be the second derivative of 2*u - 1/6*u**3 + 0 + 1/2*u**2. What is the units digit of q(-1)?
2
Let w = 170 - 86. Suppose 2*g = 5*g - w. What is the tens digit of g?
2
Suppose 3*h = -0*h - 45. Let a be 2/4 + h/(-10). Suppose -a*v + 5*v - 36 = -4*g, -3*g - 3*v = -30. What is the units digit of g?
6
Let w = -1 - -6. Let k = -3 + w. Suppose -k*u + 5*u - 21 = 0. What is the units digit of u?
7
Suppose 3*m + 8 = 5*t, m = -3*t - m + 20. Suppose -5*n - t*b = -28, b + 10 = 2*n + 2*b. What is the units digit of n?
4
Let m(n) = 2*n - 7. Let b be m(6). Suppose 5*d + 5*v = 30, 0 = b*d + 2*v - 0*v - 15. What is the units digit of d?
1
Let z(v) be the second derivative of v**3/2 + v**2/2 + 3*v. What is the units digit of z(4)?
3
Let y(r) = 3*r**2 + 6*r - 12. What is the units digit of y(-6)?
0
Let m = 0 - 4. Let n = m - -1. Let u = 7 + n. What is the units digit of u?
4
Let p = 10 + -9. What is the units digit of p?
1
Let q = 21 + -10. What is the units digit of q?
1
Let r = 37 - 8. What is the tens digit of r?
2
Suppose -20 = -6*b + b. Let u = b - 2. What is the units digit of (u - (-2 + 3)) + 3?
4
Let u(v) = -12*v + 1. What is the tens digit of u(-1)?
1
Let s be (-2)/(-6) - (-160)/(-12). Let n = 18 + s. Let h = 7 - n. What is the units digit of h?
2
Let s = 9 + -4. What is the units digit of (2 - s)*(-1)/3?
1
Suppose 93 = 9*z - 1824. What is the units digit of z?
3
Let m(f) = 0 - f - 4 - 3*f - 3 + f**2. What is the tens digit of m(7)?
1
Suppose -19*q - 545 = -5*u - 14*q, 4*u - 2*q - 428 = 0. What is the tens digit of u?
0
Let m be 21/3 - 6/3. Suppose -3*z - 5*v = 2*z, -2*v + 12 = m*z. Suppose -52 = -z*g + 3*x, -4*x = -2*x + 8. What is the tens digit of g?
1
Suppose 2*l = -p + 10, -2*p + 3*l + 8 = l. What is the units digit of (22/p)/((-1)/(-3))?
1
Suppose -2*n + 5*n + 4*b = 324, 5*n + 2*b - 554 = 0. What is the units digit of n?
2
What is the units digit of (-1238)/(-5) + 14/35?
8
Suppose p + 2*q = 28, -5*q - 12 = 3*p - 91. Suppose 0 = -3*c + 2*c + p. Let r = -11 + c. What is the units digit of r?
7
Suppose -4*k + 5*r = 19, 3*k + 4*r + 10 = -12. Let h be (9/(-6))/(k/(-16)). What is the units digit of (-4)/5*10/h?
2
Let x(o) be the second derivative of o**4/12 - 5*o**3/6 + 5*o**2/2 - 2*o. Let a(l) = l**3 + 4*l**2 + 5. Let z be a(-4). What is the units digit of x(z)?
5
Let i = 2 + 0. Suppose -i*p = 3*q - 36, -3*q - 27 = 2*p - 3*p. What is the tens digit of p?
2
Suppose -2*c + 2*g + 2*g - 8 = 0, 3*g - 6 = c. Suppose -4*h + 20 + 8 = 0. Let k = h - c. What is the units digit of k?
7
Let q = 282 + -175. What is the tens digit of q?
0
Suppose -m = 3*n - 2*n - 18, n = -3*m + 62. What is the units digit of m - -1 - (-8)/4?
5
Suppose v = -v - 4*n - 134, -55 = v + 5*n. Let b be (-2)/(-9) + v/(-27). Suppose -5*h - 5 = -5*p, 2 = -p + b*h + 3. What is the units digit of p?
1
Let b = -24 + -58. Let a = b + 20. Let q = -43 - a. What is the units digit of q?
9
Suppose -1 = 4*s - 13. Suppose -3*w = -s - 3. Suppose 0 = w*y + 3*y - 55. What is the tens digit of y?
1
Let x(i) = 3*i**2 + 6*i + 5. What is the tens digit of x(-3)?
1
Let s be ((-2)/(-3))/((-2)/(-33)). Let k = s - 5. What is the units digit of k?
6
Suppose -w - 4 = -3*w. Suppose t + 3 = -k + 11, w*t = 3*k + 31. Suppose 2*o + 4*i = -0*i + 22, -o = 5*i - t. What is the units digit of o?
1
Let x(j) = j**2 - 6*j + 9. Let k be x(5). Let d = -2 + k. What is the units digit of d?
2
Suppose 5*u + 34 = 9, -m = 3*u + 12. What is the units digit of m*3/(18/22)?
1
Let r be 3/(-12) + 62/(-8). Let c be (0 + -3)/(12/r). Suppose -c*n + 0 = -8. What is the units digit of n?
4
Let g(k) = 3*k. Let x be g(1). Suppose -3*z - 2*z - 20 = 0, x*r = -4*z - 10. Suppose 0 = -3*i + r*i + 8. What is the units digit of i?
8
Suppose b + 48 = 4*b. Suppose b = 5*f - 4. Let k = f - -1. What is the units digit of k?
5
Suppose -4*y = 35 + 41. Suppose 135 = -3*r + 8*r. Let w = y + r. What is the units digit of w?
8
Let w be (7 - 4)/(-3)*0. Suppose w = -2*f + 70 + 2. What is the tens digit of f?
3
Let y = 4 + 2. Let n be 3*(1 + 26/y). Suppose 3*f - 61 + n = 0. What is the units digit of f?
5
Let w(l) = l**3 + 4*l**2 + 2*l - 1. Let t be w(-2). What is the tens digit of (-1 + (t - -1))*17?
5
Let q(m) = -m**3 + 4*m**2 + 6*m - 6. Let k be q(5). Let y = k - 1. What is the units digit of 3*2*(y - -3)?
6
Suppose g = -2*g. Suppose g = 2*u + 1 - 3. What is the units digit of u?
1
Let n = 6 - 8. What is the units digit of 17/2 - n/4?
9
Suppose 10*w - 5*w - 3*l = 23, -2*l = 2. Let q = w + 2. What is the units digit of q?
6
Let j = -25 + 11. Let n = j - -6. Let l = 24 + n. What is the tens digit of l?
1
Suppose -1 = 3*i - 7, -5*f + 88 = 4*i. Let k = 38 - f. What is the tens digit of k?
2
Let i(l) = l**3 - 7*l**2 + 5*l + 1. Let a be i(6). Let n(o) = -o**2 + 8*o + 12. Let u be n(9). What is the units digit of 20/u - a/15?
7
Let g = 18 - 13. Let f(y) = 4 - 3*y - g + 6*y - 2*y. What is the units digit of f(2)?
1
Suppose 0 = -2*c + 2 - 10, -4*m = -2*c - 8. Suppose -p + 6*p - 55 = m. What is the tens digit of p?
1
Let k(b) = b**3 - 2*b**2 + 2*b + 1. Let p = 11 + -7. What is the tens digit of k(p)?
4
Let v(j) = 5*j**2 - 2*j - 3. Let a(w) = -6*w**2 + 3*w + 4. Let c(b) = 2*a(b) + 3*v(b). Let x be c(1). What is the units digit of 17 + (x - 9/3)?
6
Let y be (-1 - 1) + 4 + 1. Suppose -23 = -w + t, -105 + 30 = -5*w - y*t. What is the tens digit of w?
1
Suppose 4*k - 17 - 87 = 0. What is the units digit of k?
6
Suppose 0 = -2*u + 3*u + o + 1, -o = 5*u - 11. Suppose j + 0 = u. What is the units digit of (-1)/j*-3 + 2?
3
Suppose r - 135 = -4*r. Let s = r - 10. What is the units digit of s?
7
Let p = -10 - -14. What is the tens digit of -7*(144/(-21))/p?
1
Let o(g) = g**3 - 7*g**2 + g - 5. Let k be o(7). What is the units digit of 1/(k/2*1)?
1
Let m = -4 - -13. Let h = 3 - m. Let s = h + 11. What is the units digit of s?
5
Let a be 10/(-15) - (-34)/6. Suppose n + u + 5 = 4, -a*n - 5 = 4*u. Let j = 2 - n. What is the units digit of j?
3
Suppose 2*m + 2*m = 4. Let w(q) = 4*q**3 - q + 1. Let i be w(m). Suppose y = -i*f + 28, f - 2*f - 3*y = -18. What is the units digit of f?
6
Let y = -6 + 13. Suppose -18 = -5*a + y. What is the units digit of a?
5
Let h(i) = 2*i**2 + 2*i - 30. Let t(k) = -3*k**2 - 3*k + 61. Let r(m) = 5*h(m) + 3*t(m). What is the tens digit of r(0)?
3
Let d be 8 + (-2)/1 + 3. Suppose 3*r - d = -3. Suppose -4*s - r*y + 56 = 0, 0 = -2*y - 1 + 5. What is the units digit of s?
3
Let w = -2 + -1. Let h = 8 - w. What is the tens digit of h?
1
Let u be 45/(-18)*8/(-5). Suppose 0 = u*l - 3*l - 4. What is the units digit of l?
4
Let g(u) = 4*u - 1. What is the units digit of g(2)?
7
What is the units digit of ((-222)/(-8))/(51/136)?
4
Suppose 4*g - 4*y = 36, 0 = 4*y - 6 + 18. What is the units digit of g?
6
Suppose 8 = -2*r + 4*r. Let d(g) = -g**2 - 16*g - 17. Let m be d(-8). Suppose 5*t = r*y - m - 5, 3*t = 0. What is the units digit of y?
3
Let q = -65 + 92. What is the tens digit of q?
2
Suppose 0*s + 2*s + 6 = 0, 0 = 5*c - s - 163. Suppose -5*u + 46 + 38 = -2*r, 51 = 3*u - r. Let l = c - u. What is the tens digit of l?
1
Let y(w) = w**3 + 3*w**2 - 5*w - 1. Let o be y(-4). Suppose 5*a + o + 2 = 0. What is the tens digit of 2*7 + 0/a?
1
Suppose -687 = -5*a + 2*x, -2*x - 142 = -a + 3*x. What is the tens digit of a?
3
Let b = 4 + -4. Suppose -5*z - 3*f - 31 = b, 8 = -2*z - 0*f + f. Let v = z - -12. What is the